)?
1
What is the value of -5 + 0 + 0 + 1?
-4
Calculate 2 - (3 + 0 - 2 - 2).
3
Calculate 2 + (1 - (9 + 0 - -3)).
-9
What is -1 + 4 + (-37 - -33)?
-1
Calculate (-1 - 3) + (32 - 29).
-1
1 - -2 - (-10 + 13)
0
What is (17 + -9 - 15) + -1 + 11?
3
What is (-3 - -2) + 2 + -6?
-5
Evaluate -12 - -8 - (-4 + -1).
1
-5 - (-4 - 4 - 2) - 8
-3
What is (15 - 19) + 2 + -5?
-7
Evaluate 1 - (3 + -6 - -6 - -1).
-3
(7 - 9 - -5) + -5
-2
Evaluate -10 - (7 + -19 + 10).
-8
What is 3 - (8 + 1 + -2)?
-4
Calculate 2 - (0 + 0 + 7).
-5
(-2 - 4) + 9 + 1 + -1
3
Calculate 4 - (6 + -3) - (-2 - -7).
-4
What is the value of 1 + 0 + 2 - (2 + -5)?
6
Calculate 2 - (0 + 8 + -2).
-4
What is the value of 20 + -16 - (-2 + 0)?
6
Evaluate (-2 - 0) + 15 - 9.
4
Calculate -4 - (2 - 7 - 3).
4
What is -1 + -4 - (7 + -1 - 9)?
-2
-8 + 13 + -8 + -2
-5
4 + (-5 + -10 - -4)
-7
Evaluate -1 + 1 - (-22 + 26).
-4
1 + (1 + 1 - (-4 - -11))
-4
-3 + -2 + -2 + (-4 - -9)
-2
(1 - (-6 - -12 - 2)) + 5
2
What is (0 + 2 - 2) + 4 + 0?
4
What is (175 - 168) + 0 + 0 + 2?
9
Evaluate 4 - (10 - 4) - -2.
0
4 + -3 + (3 - 2) + -3
-1
Evaluate 0 + 1 - (12 - (16 + 3)).
8
What is the value of (-22 - -21) + (-5 - 0) + 12?
6
Evaluate (6 + -3 - 3) + 2 + -7.
-5
What is the value of -3 - ((3 - 4) + -3)?
1
Evaluate 5 + (0 - (5 + -1)).
1
What is the value of -3 + -2 + 3 + 2?
0
2 + (-3 - (-1 + -1)) + 2
3
Evaluate 0 + -2 + 2 - (14 - 12).
-2
Calculate 4 + -9 + (-1 - 5) + 6.
-5
What is the value of 9 + -13 + (6 - 5)?
-3
Evaluate 4 + -12 + 2 - -9.
3
Calculate 6 + 4 + -7 - (10 + -5).
-2
What is -5 + -5 + -5 + 9?
-6
What is 5 + -6 - (4 - (3 - -5))?
3
What is (-8 + 6 - -8 - 8) + 10?
8
Calculate 5 - (-4 + (7 - -1)).
1
What is the value of 2 - -1 - (-1 - (-16 + 12))?
0
2 + -5 - (8 + (7 - 12))
-6
Evaluate 4 - (-5 + 1 - -9) - 4.
-5
What is -1 - -4 - 1 - (41 - 35)?
-4
What is 6 + 0 + -18 + 8?
-4
What is the value of (9 - -4) + (-31 - -22)?
4
-5 - 7 - (0 + -7)
-5
What is (-1 - 1) + (-28 - -25) - 1?
-6
What is -17 + 20 - ((-1 - -5) + -1)?
0
What is the value of -6 - (-4 + 14 + -14)?
-2
What is the value of -171 - -176 - (14 - 0)?
-9
Evaluate 1 - (-10 - -9 - -5).
-3
0 + 2 + -5 + 0
-3
Calculate (-5 - -2) + (-10 + 19 - 4).
2
Evaluate -13 - -8 - (1 + (-17 - -3)).
8
What is 1 + -10 + 6 + 1 + 6?
4
-16 + 20 - (0 + 0 + 6)
-2
Evaluate -1 + -5 - (56 + -60).
-2
What is the value of 0 - (-2 - -1 - 0)?
1
Evaluate -1 + -2 - (-20 - -22).
-5
Evaluate 6 + 2 - 6 - -3.
5
Evaluate 8 + 1 + 1 + -1.
9
Evaluate -3 + (7 + -6 - (1 + 1)).
-4
What is 95 - 99 - (1 - 2 - 0)?
-3
Evaluate -4 - (-4 + 1 + 4 - 4).
-1
What is the value of 7 + (5 - 2) + -14?
-4
Evaluate 2 + (-7 - -1 - (-5 + 0)).
1
What is the value of (7 - -2) + -9 + 2?
2
3 + (3 - 4) + (-2 - -5)
5
What is -2 + (2 + -7 - (0 - 6))?
-1
What is 71 - 64 - (0 - -13) - 1?
-7
Evaluate 0 - (4 - ((5 - -1) + 0)).
2
Evaluate 0 + 1 + -2 + (5 - 1).
3
-11 - (-19 + 15 + -5)
-2
Calculate -4 + 1 - (4 - 2).
-5
What is the value of -5 - ((1 - (6 + 3)) + 2)?
1
Evaluate 0 + (-3 + 5 - -3).
5
-3 + 12 - (-5 + 9)
5
Evaluate (1 + -2 - 5) + 2.
-4
Evaluate 4 + (6 - (8 + 6)).
-4
What is the value of 9 - (-2 + -5 + 11)?
5
What is the value of (-8 - -11 - 12) + 1?
-8
(1 - (3 - 7 - -10)) + 9
4
Calculate 2 - ((10 - (7 - 3)) + 2).
-6
What is the value of 1 - 0 - (10 - 14)?
5
-9 + 1 + 2 + 5 + 1
0
What is the value of -5 + (-7 - (1 + -7))?
-6
What is the value of 13 + -25 + 10 - (3 + -3)?
-2
What is the value of -1 + -3 - 6 - -8?
-2
What is (-2 - -3) + 1 + -7 - -5?
0
What is -6 + 4 + 3 - 1?
0
What is -3 + 3 + -3 - -1 - 2?
-4
Calculate -4 - (-2 + 8) - -6.
-4
What is 4 - 11 - (-1 - 1) - 2?
-7
-9 + 15 + -3 + 0 + -2
1
What is the value of -5 + 4 + -11 + 10?
-2
Calculate (0 - (-1 - 1)) + (8 - 6).
4
(0 - -10) + (1 - 4) - 4
3
(33 - 30) + (1 - 6) + 4
2
Evaluate 7 + (13 - (4 - -2) - 10).
4
-1 + 5 + 6 + -6
4
Evaluate 8 - (3 - (0 + -1 - -1)).
5
What is 1 - (-3 - 8 - -7)?
5
Calculate 5 - ((0 - -1) + -16 + 15).
5
-3 + (2 - 1) - (1 - 1)
-2
Calculate -1 + (0 - 6 - -10).
3
What is the value of -7 - -9 - (2 - 2 - -7)?
-5
5 - (-13 - -26) - (-1 + -1)
-6
What is the value of 5 + (5 - 0) + -15?
-5
(-2 - 0) + 13 + -6
5
What is the value of 14 + (-5 - -8) + -19?
-2
9 + -5 + (-5 - -1)
0
Evaluate 7 + -4 + 1 - 9.
-5
What is 8 + 2 + -5 + (-3 - -3)?
5
Calculate (0 - (-3 + 1 - 2)) + -1.
3
Evaluate 2 + ((3 - 7) + 3 - 4).
-3
Calculate 3 + (-6 - -1) - (-6 - 2).
6
(-5 + 10 - 8) + -3 + 5
-1
What is the value of 7 - (5 - (6 + (5 - 7)))?
6
Evaluate (-92 - -91) + (-5 + 0 - 0).
-6
Evaluate (13 - (-6 - (-11 + -1))) + -13.
-6
What is the value of -1 - -3 - (4 - (-2 + 3))?
-1
-20 + 16 + 6 + -8
-6
Calculate 9 - 1 - 9 - (-5 - -2).
2
What is -6 - (9 + -11 + 1)?
-5
Calculate -3 + -1 - (6 - -4 - 5).
-9
What is the value of 6 + -3 + 2 + -13?
-8
What is the value of 7 - -1 - (6 + 3)?
-1
What is the value of -2 + (7 - 11) + -3?
-9
Evaluate (-3 + 0 - (2 + -2)) + 1.
-2
Calculate -6 + 2 + 0 + 5.
1
5 + -4 + 1 + 4 - 3
3
Calculate 3 + -4 + (8 - 5).
2
What is the value of -10 - -2 - (-11 - (0 - 6))?
-3
What is the value of 2 + -2 + (2 - 7)?
-5
-2 + (10 + -10 - 1)
-3
6 + 3 + -20 + 6
-5
Evaluate 4 - (1 - (-4 + 4 + 0)).
3
What is the value of 3 - (0 + (-1 - -2))?
2
What is the value of 4 + (-4 - (4 + (6 - 12)))?
2
What is 8 - (-11 + 5 + 9)?
5
What is -14 + -2 + (5 - -6)?
-5
What is 0 - (2 + 1) - -7 - 4?
0
What is the value of (-6 - -7) + (-1 - -1)?
1
What is the value of -18 + 5 - (-5 + -1)?
-7
What is 0 - (2 - ((7 - -2) + -5))?
2
-3 + -1 - (4 + 2 + -9)
-1
Evaluate -1 - 1 - (13 - 8 - 7).
0
-6 + (-13 - -11) - 1
-9
-4 + (1 - (2 + -10))
5
What is -1 + 7 + -3 + 0?
3
What is 5 - (8 + -5 - -9)?
-7
Evaluate (4 - (-4 - -6)) + 2 + -6.
-2
Calculate -3 + 3 - (0 + -5).
5
What is (-2 + 6 - 9) + 1?
-4
What is the value of 0 - -4 - (6 - (10 + -6))?
2
What is the value of (-2 - (3 + -2)) + 2?
-1
Evaluate 8 + (0 - 20 - -7).
-5
Calculate 2 + (4 - 10) + 5.
1
Evaluate -32 + 34 - (2 - 1 - 4).
5
What is the value of (-6 - 0 - -14) + -1?
7
-2 + (-4 - -3) + (0 - 2)
-5
Evaluate -3 + 0 + (0 - -1).
-2
2 + 19 + (-8 - 6)
7
Evaluate 7 + -2 - (-15 + 19).
1
-1 - (1 + 0) - -4
2
Evaluate (-1 - -5) + (2 - 0) + -3.
3
Calculate -10 + 4 + -1 - (1 - 0).
-8
Calculate 3 + -3 - (6 - 4).
-2
What is 4 - (-2 + -12 - -15)?
3
9 + -3 + -2 + 6 + -5
5
Calculate (16 - 19) + (1 - 0) + 3.
1
What is -1 + -1 + -16 + 15?
-3
What is (-1 - (2 + -10)) + -3?
4
-3 - 0 - (-179 + 184)
-8
7 + -9 + -13 + 9
-6
What is 5 + 6 + (-4 - -9) + -9?
7
Calculate (4 - 6 - 1) + -2 - 0.
-5
7 + -7 - (1 - 0)
-1
Evaluate 1 - -6 - (14 + -15).
8
Calculate 2 + (1 - 2) + (1 - -2).
4
What is (-33 - -29) + 1 + 4 - -1?
2
-1 - (1 + 1) - (-8 - -9)
-4
-133 - -129 - (2 + -4)
-2
What is -13 - -12 - (5 - 7)?
1
What is the value of -8 + (0 - -2) + 2?
-4
Evaluate -3 - (4 + (0 + -12 - -3)).
2
Calculate -5 + (-7 - -3) + 6 + 0.
-3
What is the value of -3 + 2 - (-3 - 6 - -10)?
-2
What is the value of -76 + 85 + -7 + 0?
2
What is the value of 1 - (7 - 8) - (-1 - 0)?
3
What is 2 + (-16 - -22) + -2 + 4?
10
Evaluate 2 - -5 - (0 - -5).
2
What is (10 - -3) + 6 + -17?
2
2 + 4 - (5 + -1 + 2)
0
What is the value of -2 + 0 - (49 + -50)?
-1
What is the value of -15 - (-5 + -3 + 2) - -16?
7
Evaluate 3 + (0 + 1 - (-3 + 2)).
5
What is the value of (-2 - -1) + -1 - -1 - -4?
3
What is the value of -3 + (12 - (3 - -2)) + 2?
6
What is -2 - (-8 - -5) - (-1 - -7)?
-5
Evaluate 15 + -18 - (-5 + -1).
3
Evaluate -8 + 5 + (-6 - 0 - -8).
-1
What is the value of (-2 - -4) + -4 + 2?
0
What is -3 + -5 + 6 + -3 + -2?
-7
What is -8 + (7 - -1) + -7?
-7
What is the value of 2 - 1 - (14 - 19)?
6
What is the value of 0 + (-4 - -4 - -3) + -2?
1
What is the value of 2 - -1 - (0 - 3 - -5)?
1
What is -17 + 12 + -1 + 5?
-1
Evaluate 3 + (-3 - (-6 - -2)).
4
Calculate 3 - (-2 + 2) - (9 + -3).
-3
Calculate (3 - -4) + -3 - 8.
-4
Calculate 1 + -2 - (3 + (-2 - -1)).
-3
-6 - (-2 - (4 + -8 - -4))
-4
Evaluate (5 + -1 - 4) + 3.
3
What is the value of 12 + -19 - (1 - (1 - 0))?
-7
Evaluate 1 + 2 + -1 - -1.
3
4 + -10 + (0 - -2) - -2
-2
What is -2 - -1 - (-6 - (4 - 6))?
3
1 + -6 + 25 + -24
-4
Calculate 5 + 2 + -4 + -5.
-2
Calculate 5 - (11 - (-5 + 9)).
-2
What is (12 - 21) + 3 + (-2 - -4)?
-4
What is -1 - ((-2 - 1) + -2 + 4)?
0
What is the value of 13 + (-11 - 15) - -3?
-10
38 - 40 - (6 + 2 + -4)
-6
Evaluate 6 + -14 + (1 - (0 + -3)).
-4
Calculate 3 + (11 - 5)